{"id":153,"date":"2026-02-26T11:25:16","date_gmt":"2026-02-26T11:25:16","guid":{"rendered":"https:\/\/ekiz-kirchdorf.at\/?post_type=tribe_events&#038;p=153"},"modified":"2026-03-11T10:04:01","modified_gmt":"2026-03-11T10:04:01","slug":"fotoshooting-im-gruenen","status":"publish","type":"tribe_events","link":"https:\/\/ekiz-kirchdorf.at\/?tribe_events=fotoshooting-im-gruenen","title":{"rendered":"Fotoshooting im Gr\u00fcnen"},"content":{"rendered":"<p>Nutzt die Gelegenheit, eure Kinder oder auch die ganze Familie unter freiem Himmel, in idyllischer Atmosph\u00e4re fotografieren zu lassen. Ein Set besteht aus 3 Fotos 13&#215;18 cm oder 2 Fotos digital. Ihr k\u00f6nnt aus allen Bildern die sch\u00f6nsten f\u00fcr euer Set ausw\u00e4hlen. Gr\u00f6\u00dfen\u00e4nderungen und weitere Bilder sind auf Wunsch m\u00f6glich.<br \/>\nBabys sollten bereits in der Lage sein mit Hilfe \/ St\u00fctze zu sitzen!<\/p>\n<p><strong>Leitung: Ines Lettmayer, Fotografin<\/strong><\/p>\n<p><strong>Donnerstag, 07. Mai 2026, 14:00 &#8211; 17:00 Uhr<\/strong><br \/>\n(15 min. pro Termin\/Familie)<\/p>\n<p>Veranstaltungsort: wird noch bekannt gegeben<\/p>\n<p>Beitrag: \u20ac 35,00 f\u00fcr 2 Fotos digital oder 1 Set<\/p>\n<p><em>Anmeldung erforderlich bis 30. April 2026<\/em><\/p>\n<p>Bei Schlechtwetter: Ersatztermin 12. Mai 2026<\/p>\n","protected":false},"excerpt":{"rendered":"<p>Nutzt die Gelegenheit, eure Kinder oder auch die ganze Familie unter freiem Himmel, in idyllischer Atmosph\u00e4re fotografieren zu lassen. Ein Set besteht aus 3 Fotos 13&#215;18 cm oder 2 Fotos&hellip;&nbsp;<a href=\"https:\/\/ekiz-kirchdorf.at\/?tribe_events=fotoshooting-im-gruenen\" rel=\"bookmark\"><span class=\"screen-reader-text\">Fotoshooting im Gr\u00fcnen<\/span><\/a><\/p>\n","protected":false},"author":2,"featured_media":178,"template":"","meta":{"neve_meta_sidebar":"","neve_meta_container":"","neve_meta_enable_content_width":"","neve_meta_content_width":0,"neve_meta_title_alignment":"","neve_meta_author_avatar":"","neve_post_elements_order":"","neve_meta_disable_header":"","neve_meta_disable_footer":"","neve_meta_disable_title":"","_tribe_events_status":"","_tribe_events_status_reason":"","footnotes":""},"tags":[],"tribe_events_cat":[9],"class_list":["post-153","tribe_events","type-tribe_events","status-publish","has-post-thumbnail","hentry","tribe_events_cat-kunterbuntes","cat_kunterbuntes"],"_links":{"self":[{"href":"https:\/\/ekiz-kirchdorf.at\/index.php?rest_route=\/wp\/v2\/tribe_events\/153","targetHints":{"allow":["GET"]}}],"collection":[{"href":"https:\/\/ekiz-kirchdorf.at\/index.php?rest_route=\/wp\/v2\/tribe_events"}],"about":[{"href":"https:\/\/ekiz-kirchdorf.at\/index.php?rest_route=\/wp\/v2\/types\/tribe_events"}],"author":[{"embeddable":true,"href":"https:\/\/ekiz-kirchdorf.at\/index.php?rest_route=\/wp\/v2\/users\/2"}],"version-history":[{"count":1,"href":"https:\/\/ekiz-kirchdorf.at\/index.php?rest_route=\/wp\/v2\/tribe_events\/153\/revisions"}],"predecessor-version":[{"id":154,"href":"https:\/\/ekiz-kirchdorf.at\/index.php?rest_route=\/wp\/v2\/tribe_events\/153\/revisions\/154"}],"wp:featuredmedia":[{"embeddable":true,"href":"https:\/\/ekiz-kirchdorf.at\/index.php?rest_route=\/wp\/v2\/media\/178"}],"wp:attachment":[{"href":"https:\/\/ekiz-kirchdorf.at\/index.php?rest_route=%2Fwp%2Fv2%2Fmedia&parent=153"}],"wp:term":[{"taxonomy":"post_tag","embeddable":true,"href":"https:\/\/ekiz-kirchdorf.at\/index.php?rest_route=%2Fwp%2Fv2%2Ftags&post=153"},{"taxonomy":"tribe_events_cat","embeddable":true,"href":"https:\/\/ekiz-kirchdorf.at\/index.php?rest_route=%2Fwp%2Fv2%2Ftribe_events_cat&post=153"}],"curies":[{"name":"wp","href":"https:\/\/api.w.org\/{rel}","templated":true}]}}

Fotoshooting im Grünen

<p>Nutzt die Gelegenheit, eure Kinder oder auch die ganze Familie unter freiem Himmel, in idyllischer Atmosphäre fotografieren zu lassen. Ein Set besteht aus 3 Fotos 13&#215;18 cm oder 2 Fotos digital. Ihr könnt aus allen Bildern die schönsten für euer Set auswählen. Größenänderungen und weitere Bilder sind auf Wunsch möglich.<br />
Babys sollten bereits in der Lage sein mit Hilfe / Stütze zu sitzen!</p>
<p><strong>Leitung: Ines Lettmayer, Fotografin</strong></p>
<p><strong>Donnerstag, 07. Mai 2026, 14:00 &#8211; 17:00 Uhr</strong><br />
(15 min. pro Termin/Familie)</p>
<p>Veranstaltungsort: wird noch bekannt gegeben</p>
<p>Beitrag: € 35,00 für 2 Fotos digital oder 1 Set</p>
<p><em>Anmeldung erforderlich bis 30. April 2026</em></p>
<p>Bei Schlechtwetter: Ersatztermin 12. Mai 2026</p>

<p>Nutzt die Gelegenheit, eure Kinder oder auch die ganze Familie unter freiem Himmel, in idyllischer Atmosphäre fotografieren zu lassen. Ein Set besteht aus 3 Fotos 13&#215;18 cm oder 2 Fotos&hellip;&nbsp;<a href="https://ekiz-kirchdorf.at/?tribe_events=fotoshooting-im-gruenen" rel="bookmark"><span class="screen-reader-text">Fotoshooting im Grünen</span></a></p>
